a composite number?
True
Let i = 930 - 159. Is i a prime number?
False
Suppose 7*m - d - 90 = 4*m, 4*d = 0. Let b = 79 + m. Is b a prime number?
True
Suppose -8*m + 3*m = 30. Is (4/m)/(30/(-3735)) a composite number?
False
Is (-10)/(-45) + (-1303)/(-9) composite?
True
Is (-1)/((-5)/(-6740)*-2) composite?
True
Let s(h) = h**2 + h - 3. Let y be s(2). Suppose y*a = -n - 20 + 670, -3*n + 1965 = 4*a. Is n a prime number?
True
Let g(q) = 2*q**2 + 10*q + 13. Is g(-9) prime?
False
Let i(b) = 2*b**3 - 9*b**2 + 6*b + 4. Suppose 2*m + 3*d = 15, 6*m - d = 3*m + 17. Let z be i(m). Suppose 0*r - z = -4*r. Is r a composite number?
False
Let o(l) = 5*l**2 + 19*l + 11. Is o(-7) prime?
False
Let g(y) = -y**2 - y + 1. Let b(u) = -u**3 - 18*u**2 - 3*u + 13. Let t(c) = -b(c) + 6*g(c). Is t(-10) a prime number?
True
Suppose -8 = 2*f + 4. Let j(p) be the second derivative of p**4/4 - 5*p**3/3 - 7*p**2/2 + 2*p. Is j(f) a composite number?
True
Is 1311/46*2/(-3)*-19 a prime number?
False
Let s = 10 - 18. Let w(m) = -23*m + 1. Is w(s) a composite number?
True
Suppose 4*i + 3*b = 2, 2*i + 2*b + 4 = -2*b. Let q be i/1 - (4 - 2). Suppose -3*d - 2*z + 105 = q, -d - 4*z - 49 = -2*d. Is d composite?
False
Let i be (-3)/(-5)*5/1. Suppose i*f - 2*b = -8, 0 = -3*f - 2*b - 2*b + 16. Suppose -2*x + 151 + 3 = f. Is x a prime number?
False
Let a = 79 + -47. Suppose 0 = -z + 53 + a. Is z prime?
False
Let d(m) = 2*m - 5. Let s = -4 - -4. Suppose s = k - 2 - 4. Is d(k) composite?
False
Let z(x) = 7*x + 3. Let r = 8 + -3. Is z(r) composite?
True
Let d(m) = 3*m**2 - m + 5. Let u(k) = -k - 3. Let o be u(8). Let a = 5 + o. Is d(a) a composite number?
True
Let r = -217 - -61. Let i be r/(-9) - 1/3. Let o = i + -2. Is o prime?
False
Suppose -4*o = k - o - 436, -2213 = -5*k - 4*o. Is k a prime number?
False
Let b = 201 - 138. Suppose -2*x + 5*x - b = 0. Is x prime?
False
Let h = 8 - 6. Suppose -2*w - h = -3*w. Is w a composite number?
False
Suppose 0 = h + h - 62. Let a = h - -126. Is a a prime number?
True
Suppose 2*k = 7*k - 1945. Is k composite?
False
Let i(t) = t**3 + 10*t**2 + 6*t + 10. Let j = 8 + -17. Is i(j) a prime number?
True
Suppose -2 = -4*u + 2*v, 4 = v + 1. Is 0 - u - 170/(-2) a prime number?
True
Suppose 0 = -4*p - 15 + 43. Let g = p + -3. Is g a prime number?
False
Let d(n) = -6*n**2 - 5 + 6 + n**3 + 6 - 5*n. Let p be d(7). Suppose -3*x - p + 288 = 0. Is x a composite number?
False
Suppose 8*s = 3*s - 5*v + 15075, -v = -2*s + 6042. Is s a prime number?
True
Suppose -4*u + 2*q + 322 = 0, 71 = 3*u - 5*q - 181. Is u a prime number?
True
Let y(i) = -i**2 - i + 4. Let r be y(0). Suppose r*h = -h + 345. Is h prime?
False
Let r = -3 + 8. Suppose 0 = r*b + 7 - 42. Is (1 + -1 + 1)*b prime?
True
Suppose 5*d + 4*n - 2*n = 2397, -5*d = -2*n - 2393. Is d composite?
False
Let x(m) = 3*m**2 - 7*m + 15. Is x(7) prime?
True
Suppose 0 = l - 0*l. Suppose l*d = -d, n + 5*d = 395. Is n prime?
False
Suppose -9*u - 3*u + 10956 = 0. Is u a composite number?
True
Let k(h) be the second derivative of -7*h**3/6 + 7*h**2/2 - h. Is k(-6) a prime number?
False
Is 7550/30 + ((-2)/(-6) - 1) a prime number?
True
Suppose x + 19 = 3*d, 2*d - 2*x = 20 - 2. Suppose 0*p + d*p = 10. Suppose -h + p*h = 33. Is h a prime number?
False
Suppose -3*r + 329 = 35. Suppose r = 2*p + 2*b - 30, 4*p - 277 = 3*b. Is p composite?
False
Let q = 4534 + -2249. Is q a composite number?
True
Is 2*-1*615/(-10) a composite number?
True
Let h = -260 - -144. Let x = h + 61. Let g = x + 98. Is g composite?
False
Suppose -2*a + 99 + 95 = 0. Is a composite?
False
Let s be 16/(-12)*6/(-4). Suppose -k + s = 1. Is 5/k*(-14)/(-5) prime?
False
Let y be ((-1444)/(-18) - -1) + (-4)/18. Suppose -2*p - 1 = -7. Suppose 3*h + 8 = -a + y, 5*h - 227 = -p*a. Is a prime?
True
Let l = -709 + 1156. Suppose -c - l = -4*x, -2*x + 3*c - 37 = -248. Is x prime?
True
Suppose -z = -3*z + 14. Let u(k) be the first derivative of k**2/2 - k - 3. Is u(z) composite?
True
Let t(r) = r**2 - 12*r + 22. Is t(15) a composite number?
False
Let j(s) be the first derivative of s**4/2 - 2*s**2 - s + 3. Is j(4) a prime number?
False
Let b = -155 + 71. Let l = -346 - -499. Let a = l + b. Is a a prime number?
False
Suppose 3*g = 2*x - 118, 0*x + 5*g = -x + 46. Let u = x - 19. Is u composite?
False
Let z(j) = 3*j**2 - j**2 + 3*j - 3*j**2 - 5 + 0*j**2 - j**3. Is z(-4) a prime number?
True
Let d = 2 + -6. Is (67/2)/((-2)/d) a prime number?
True
Suppose -5*h - 5 = 5*q, 0*q - 5*q + 30 = -2*h. Suppose 0 = 3*v - 5*w - 306, -169 = -q*v - 5*w + 204. Is v a composite number?
False
Let i = 371 + -258. Is i a composite number?
False
Let v = 0 + 0. Suppose -3*q = -3 - v. Is -42*1/(-2) + q composite?
True
Let o = 2791 + -1290. Is o prime?
False
Let n(y) = -33*y + 3. Let c(q) = 98*q - 10. Let m = -13 - -20. Let a(v) = m*n(v) + 2*c(v). Is a(-6) a prime number?
True
Let n = -297 + 590. Is n composite?
False
Let l = -1 + 6. Let k be 2/l + 2296/10. Suppose -v - k = -3*v. Is v prime?
False
Suppose -6*k - 7922 = -37088. Is k prime?
True
Let x be 6*((-5)/(-2) + -2). Suppose -f + 5*g = -316, g - 357 = -x*f + 639. Suppose -l = 5*p - 816, -2*p + 0*l - 5*l + f = 0. Is p a composite number?
False
Let i = 12 + -4. Suppose -3*u - 2*n - 3 = -4, -2*n - i = 0. Suppose -p = -u*p + 170. Is p a composite number?
True
Let m be 3/5 + 1941/15. Let l = 289 - m. Is l prime?
False
Let o = 15 - -386. Is o a prime number?
True
Let n(u) = -u**3 - 6*u**2 + 5. Let j be -8 + (0 - -1) - -1. Let v be n(j). Suppose -2*s - 165 = -2*z - 41, z - 50 = v*s. Is z a composite number?
True
Let h(y) = y**3 - 6*y**2 - 2. Let x be 3/((-6)/(-2))*6. Let d be h(x). Is (5 + 50)*(-1 - d) prime?
False
Suppose -1 = -2*u + 3*j, -4*u - j + 17 = -2*j. Suppose -4*p - 4 = -u*p. Suppose -16 = -2*z - 6, -p*q = -5*z - 243. Is q composite?
False
Let y = 1 - 2. Let n be 3 + (-2 - (-1)/y). Suppose 0 = i + 2*i + 3, 2*w + i - 75 = n. Is w composite?
True
Suppose -a - 4*a = 4*c - 1356, 0 = -3*c - 4*a + 1018. Is c prime?
False
Let b be (3 + -1 - 1)/(-1). Let u(w) = 3*w**2 + 15*w**2 - 5*w**2. Is u(b) prime?
True
Let z be 1/(-3) + 10/(-6). Let u be (40 - z)*(0 + 2). Suppose 0*g = -4*g + u. Is g a composite number?
True
Let n be (-4)/6 + 437/3. Suppose 5*g + x = 25, 0 = 3*x - x. Suppose g*d = 120 + n. Is d composite?
False
Suppose 7*j - 10*j = -7281. Is j a composite number?
True
Suppose -190 = -0*t - 2*t. Is t a prime number?
False
Let m be -1*((-170 - 3) + 2). Suppose -3*a - l = 155, 2*a + a = 3*l - m. Let b = 130 + a. Is b a composite number?
True
Let o = -8 + 4. Suppose 3*s + 25 = -8. Let m = o - s. Is m a prime number?
True
Let u(a) = -104*a + 20*a - 2 + 3. Is u(-1) prime?
False
Suppose 3 = 4*z - 3*z. Suppose 74 = z*l + 8. Is l composite?
True
Let g be ((-2)/(-2))/((-3)/123). Is ((0 - -4) + -9)*g a composite number?
True
Is ((-755)/(-5) + -2)/1 composite?
False
Suppose 4*a + 227 = 3*x, 5*x - 4*a = a + 385. Suppose -v = -x + 28. Is v a composite number?
False
Suppose 4*t + 502 = 2*q, -2*q + 69 + 439 = -t. Suppose q = -f + 6*f. Is f composite?
True
Let o be 6/10 - 2/(-5). Is (o/(-2))/(2/(-1324)) composite?
False
Let a(o) = -3*o**3 + 2*o**2 + 5*o + 7. Let z = 8 + -11. Is a(z) a composite number?
True
Let q(t) = t**2 + 2*t - 2. Let b(l) = -l**3 - 10*l**2 - 11*l - 6. Let y be b(-9). Is q(y) composite?
True
Let m(w) = 9*w**3 + 3*w**2 - 2. Let c be m(3). Let x = 417 - c. Is x a prime number?
True
Suppose -5*t + 20 = 0, 2*o - 4*t + 0*t = -16. Suppose -2*i - 5*h + 471 = -0*h, o = -5*i - 5*h + 1185. Let f = -111 + i. Is f a composite number?
False
Suppose 52 = 3*k + 3*f + 1, -4*f = -3*k + 79. Let c = k + -8. Is c prime?
True
Suppose 0 = 9*i - 13*i + 7036. Is i a composite number?
False
Let o(b) = b + 253. Is o(0) a composite number?
True
Let i be 4*(-3 - 5/(-2)). Is (-2440)/(-6) + i/(-6) prime?
False
Let r(x) = x**3 + 9*x**2 - 8*x + 5. Let h be r(-6). Suppose 5*c - 549 = h. Is c composite?
True
Let i = -161 - -258. Is i prime?
True
Let q(n) = -n**3 - 3*n**2 + 3*n + 2. Let y be q(-4). Let z = 8 - y. Suppose z*j = 61 + 9. Is j composite?
True
Let v = 2 + -2. Suppose v*i = -2*i + 80. Suppose -n = 3*n - i. Is n a composite number?
True
Is (-15)/(-90) + (-1337)/(-6) composite?
False
Suppose -2*u + 0*u = -2*q + 22, -5*q + 2*u + 40 = 0. Let i(g) = -23*g + 4. Let z be i(